 divide 1973761?
False
Is 25165524 a multiple of 67?
False
Is 5 a factor of 1367963930?
True
Is 408 a factor of 20690917?
False
Is 38 a factor of 487795550?
True
Is 121908760 a multiple of 2138?
True
Does 4 divide 2821464?
True
Is 1877 a factor of 128874820?
True
Is 42 a factor of 4939158?
True
Does 7 divide 244718537?
True
Is 126 a factor of 163054329?
False
Is 13 a factor of 736463?
True
Does 25 divide 36459625?
True
Does 125 divide 2066500?
True
Does 332 divide 44192188?
True
Is 745412234 a multiple of 653?
False
Is 18 a factor of 46775041?
False
Is 218 a factor of 303952613?
False
Is 33093527 a multiple of 71?
False
Does 155 divide 360463393?
False
Is 285 a factor of 813678135?
True
Does 71 divide 2096310216?
True
Is 16782582 a multiple of 278?
True
Is 10218772 a multiple of 169?
False
Is 26 a factor of 2733886?
False
Does 17 divide 225028312?
False
Is 47048979 a multiple of 527?
True
Does 37 divide 2975318?
True
Is 4039359100 a multiple of 1225?
True
Is 5003 a factor of 689458427?
True
Does 437 divide 110618938?
False
Is 6 a factor of 14817174?
True
Is 1016406 a multiple of 6?
True
Is 1301534 a multiple of 13?
True
Is 568 a factor of 522061864?
True
Is 102700895 a multiple of 55?
True
Is 32 a factor of 191001116?
False
Does 3 divide 126511501?
False
Is 7859830 a multiple of 104?
False
Is 37874934 a multiple of 105?
False
Is 119918850 a multiple of 41?
True
Is 209538108 a multiple of 36?
True
Is 123 a factor of 44256122?
False
Does 50 divide 15648889?
False
Is 20288074 a multiple of 29?
False
Is 984 a factor of 143268487?
False
Does 1415 divide 455263080?
False
Does 98 divide 7885430?
False
Does 81 divide 234265446?
True
Does 10 divide 6527375?
False
Is 2941 a factor of 119479267?
False
Is 15606299 a multiple of 18?
False
Does 471 divide 118813047?
True
Does 1100 divide 1723417935?
False
Does 39 divide 10216984?
False
Is 101 a factor of 133704608?
True
Is 81535498 a multiple of 1094?
False
Is 8 a factor of 146776989?
False
Is 98336749 a multiple of 171?
False
Is 251 a factor of 240771259?
False
Is 509 a factor of 64107532?
True
Is 11301539 a multiple of 24?
False
Is 115 a factor of 73774221?
False
Is 41017582 a multiple of 127?
False
Is 263000058 a multiple of 402?
True
Is 4 a factor of 112428106?
False
Does 1074 divide 89494272?
True
Is 9954176 a multiple of 8186?
True
Is 9080172 a multiple of 954?
True
Is 227 a factor of 384756147?
True
Is 63 a factor of 200348277?
False
Does 49 divide 237870090?
False
Does 11 divide 576029569?
False
Is 281 a factor of 3694307?
True
Is 81 a factor of 2793926439?
True
Does 7 divide 1541299221?
True
Is 100661040 a multiple of 24?
True
Is 3763640209 a multiple of 98?
False
Is 1051 a factor of 281070127?
False
Does 259 divide 217290469?
False
Is 1647796579 a multiple of 13?
True
Is 201820200 a multiple of 300?
True
Is 1095 a factor of 1330451432?
False
Is 133 a factor of 413146678?
True
Is 9 a factor of 92827514?
False
Is 547318559 a multiple of 1554?
False
Does 383 divide 38259402?
True
Is 404540755 a multiple of 85?
True
Does 29 divide 54042316?
False
Is 63 a factor of 968191938?
True
Is 220 a factor of 77494676?
False
Is 24189322 a multiple of 2?
True
Is 185 a factor of 16966515?
False
Is 61 a factor of 15577134?
False
Is 2920625 even?
False
Is 6800386 a multiple of 12?
False
Does 13 divide 253876827?
False
Is 383970988 a multiple of 16?
False
Does 224 divide 1066911192?
False
Is 116 a factor of 247320685?
False
Does 3401 divide 829364459?
True
Does 12 divide 948312?
True
Does 42 divide 30657648?
True
Does 235 divide 18236659?
False
Is 8925348 a multiple of 2055?
False
Does 398 divide 56557161?
False
Is 980 a factor of 286372351?
False
Is 3485 a factor of 978976959?
False
Is 615397204 a multiple of 346?
False
Is 970132580 a multiple of 1176?
False
Does 27 divide 36289114?
False
Is 755 a factor of 931281205?
False
Is 58442319 a multiple of 9?
True
Does 51 divide 2929369620?
True
Is 435447274 a multiple of 12?
False
Does 431 divide 59392662?
True
Is 6601499 a multiple of 647?
False
Is 27691285 a multiple of 317?
False
Is 22737718 a multiple of 76?
False
Does 14 divide 18938065?
False
Is 12 a factor of 39383392?
False
Does 5 divide 407512825?
True
Is 3197952 a multiple of 8?
True
Is 24418258 a multiple of 71?
False
Does 2521 divide 1471758330?
False
Is 17 a factor of 2553421071?
False
Does 2282 divide 43759632?
True
Does 32 divide 202862176?
True
Is 38 a factor of 9599525?
False
Is 409 a factor of 28068738?
False
Does 275 divide 287527?
False
Does 6 divide 1022514?
True
Is 724 a factor of 4952240?
False
Does 495 divide 1954351165?
False
Is 1555602120 a multiple of 22?
False
Does 17 divide 14998285?
False
Is 1320 a factor of 35523840?
True
Is 772 a factor of 210026460?
True
Is 18 a factor of 6915339478?
False
Does 196 divide 209610828?
True
Is 150 a factor of 1645194?
False
Is 27 a factor of 93596580?
True
Is 525818090 a multiple of 97?
False
Is 91 a factor of 122027906?
True
Is 406 a factor of 485071034?
False
Is 114 a factor of 2099595015?
False
Does 3 divide 172703661?
True
Is 205375222 a multiple of 88?
False
Is 7218 a factor of 1411999596?
True
Is 15019440 a multiple of 22?
False
Is 2745095449 a multiple of 7853?
False
Is 7063 a factor of 225372872?
False
Is 24 a factor of 1174808040?
True
Is 120 a factor of 108748560?
True
Is 32 a factor of 100260085?
False
Is 430315514 a multiple of 58?
True
Is 222698448 a multiple of 5?
False
Does 1373 divide 215779307?
True
Does 161 divide 1849584916?
False
Does 435 divide 1262870250?
True
Does 25 divide 37275725?
True
Is 318 a factor of 270135276?
True
Does 5 divide 41422910?
True
Is 9600070 a multiple of 197?
False
Does 31 divide 49000832?
True
Is 1128956015 a multiple of 1207?
False
Is 11710198 a multiple of 125?
False
Does 48 divide 7266441?
False
Is 46 a factor of 253497536?
True
Is 388096 a multiple of 30?
False
Does 57 divide 11025396?
True
Is 50 a factor of 15385946?
False
Is 169935970 a multiple of 41?
False
Does 11 divide 14759150?
False
Is 8 a factor of 86701801?
False
Does 72 divide 55927444?
False
Is 424185754 a multiple of 171?
False
Does 78 divide 19455489?
False
Is 321 a factor of 207075816?
True
Is 106888503 a multiple of 3?
True
Does 106 divide 114383377?
False
Does 50 divide 470936474?
False
Is 17 a factor of 1245011779?
True
Is 45505164 a multiple of 106?
True
Does 134 divide 28475070?
False
Is 70011760 a multiple of 59?
True
Is 18379776 a multiple of 64?
True
Is 31787396 a multiple of 262?
False
Is 220020951 a multiple of 3?
True
Is 6267224 a multiple of 559?
False
Does 15 divide 92760657?
False
Is 395 a factor of 229442580?
False
Is 1217040 a multiple of 60?
True
Is 16 a factor of 85128928?
True
Is 236083191 a multiple of 701?
False
Is 35 a factor of 553618835?
True
Is 5 a factor of 34046247?
False
Does 584 divide 2019434218?
False
Does 18 divide 2901654?
True
Is 8 a factor of 39728761?
False
Is 51967278 a multiple of 33?
True
Is 29 a factor of 157682918?
True
Is 1248634319 a multiple of 83?
False
Is 12 a factor of 2288374229?
False
Is 1184 a factor of 5387647?
False
Is 137 a factor of 9838889?
False
Does 29 divide 4004178700?
False
Is 302 a factor of 16405244?
True
Is 52983030 a multiple of 690?
True
Is 18679048 a multiple of 3?
False
Does 257 divide 1597661088?
False
Is 335169178 a multiple of 1394?
True
Does 9 divide 32726682?
True
Is 226 a factor of 50727508?
True
Does 26 divide 28807168?
True
Does 7 divide 94494953?
True
Is 72 a factor of 758136960?
True
Is 228625769 a multiple of 2798?
False
Is 1975 a factor of 23678808?
False
Is 2589732 a multiple of 9?
True
Is 460643363 a multiple of 179?
False
Is 28 a factor of 180857756?
False
Is 1001 a factor of 90733643?
True
Is 4453839 a multiple of 27?
True
Is 1021640137 a multiple of 4437?
False
Does 922 divide 2718203?
False
Is 40 a factor of 28352800?
True
Does 31 divide 3303328107?
False
Is 1462464373 a multiple of 1837?
False
Does 7 divide 152526794?
True
Is 4227 a factor of 464986106?
False
Is 41 a factor of 260025034?
True
Is 1867538520 a multiple of 4363?
True
Is 8996219 a multiple of 4?
False
Does 6990 divide 1107677340?
True
Is 27929255 a multiple of 51?
False
Is 7 a factor of 55049281?
True
Is 42 a factor of 41167635?
False
Does 35 divide 39491725?
True
Is 1097 a factor of 413148629